) + -79) - 4.
71
-28 + (-4 - (10 - (7 + 11)))
-24
What is the value of (-1 + -1 - (-9 - -8)) + -9 - (-969 - -1006)?
-47
What is the value of (7 - -42) + 46 + -75?
20
Evaluate 0 - (11 - (-12 + 16)) - (4 + 36).
-47
What is (-1086 - -1132) + (-21 - 1) + 14?
38
What is the value of -56 + (9 + 115 - 71)?
-3
Evaluate (-6 + -2 + 3 - 11) + -37.
-53
177 + -52 - 13 - 69
43
Calculate -5 + -35 + 36 + 1 + -2 + 22 + -25.
-8
What is the value of -67 + (-52 - -39) + (-8 - (-7 + -3)) + 9?
-69
Evaluate -26 + 18 + -19 + (2 - -1) + 8.
-16
-30 + -45 + -306 + 340
-41
What is 46 + (86 - (38 + 77))?
17
Calculate (-36 - (-42 - (8 - -48))) + 30.
92
Calculate 49 + (-14 + 18 - 6) - (-2 + -12).
61
What is the value of 3180 + -3107 - (-1 + (5 + -1 + 1 - 0))?
69
What is (-1142 + 1149 - (29 + 0)) + 76?
54
What is 9 + (-3 + -20 - -16) - 40?
-38
11 + (5 - (14 - 2 - -48 - -8))
-52
Calculate 9434 + -9424 - (-17 - 1).
28
Calculate (-3 + 15 - 2) + (-28 + 4 - (-56 + -14)).
56
What is (-4 - 14 - (-45 + 20)) + 17 + 1 - 4?
21
What is (-7 - -6) + (-6 - -38) + -16?
15
What is 1 + -62 - ((3 - (0 - -2)) + (-25 - -30))?
-67
What is (47 - (57 - 39)) + 7?
36
What is 2 + -6 + 1 + (38 - 65 - -37) - 65?
-58
What is the value of (-24 - (-4 - 6)) + (-75 - -60)?
-29
Calculate (-7 - (6 - (-7 + 15))) + (4 + -1 - 2).
-4
Calculate (7 - (23 - 7)) + (2 - -2) + 16 - 66.
-55
What is the value of 81 + -12 - 43 - (166 - 25)?
-115
What is 31 + -6 + (-25 - -5) + -10?
-5
What is 58 + 36 + -44 + -84?
-34
Evaluate -72 + (36 - 7) - -16.
-27
What is the value of (-13 - 4) + 38 + (53 - 26) + -9?
39
-7 + (205 - 198 - (19 - 1))
-18
What is 43 - ((7 + -4 - -6) + 235 + -227)?
26
Evaluate -1 + 1 + 2 + -1 - (-68 + 17 - -75).
-23
Evaluate (6 - (1 - 2)) + -1073 + 1073 - 48.
-41
193 + -139 - 104 - (1 + -35)
-16
What is 23 + -7 + -6 + -5 - (5 - 7 - 41)?
48
Evaluate 112 - (211 - 49) - (-2 - -1 - 4).
-45
What is 14 + -228 + (578 - 452)?
-88
What is 40 + (2 - 7) + 4 + (1 - 4)?
36
What is the value of -17 - 0 - (19 + -1 + 8 + (-59 - -30))?
-14
1 + -21 + (86 - (171 - 150))
45
Calculate (-16 - -82 - 61) + (0 - -20).
25
What is 10 - ((-39 + 94 - 44) + 0 + -36 + -1)?
36
Calculate 1 + -2 - 41 - (-88 - -96 - 16).
-34
What is -593 + 583 - (-7 + 0 - 92)?
89
(-5 - 3) + (5 - -1) - (75 + -51)
-26
(-8 - (-10 - 23 - -12 - -6)) + -6
1
What is (-22 - -65) + -83 + -60 + -1 + -1 + 16?
-86
What is the value of (2 - -20) + 9 + 7 + (-5 - 3)?
30
Evaluate (-824 - -803) + (101 - 1) + -4.
75
What is the value of -46 + 1 + 1 + (-195 - -198)?
-41
What is the value of -41 + (-138 - -136) + -1 + 1 - 0?
-43
What is 17 - (5 + -10) - -3?
25
Evaluate -2 + (-332 - -337 - (-1 - -28)).
-24
Calculate (-1 - -9) + (0 - -44) + -59.
-7
Evaluate (17 + -18 + -33 - -27) + -19 + 1.
-25
Calculate (10 - 14) + 17 - (-7 + 3 - -6) - 140.
-129
Evaluate 1 + -85 - (219 + -276).
-27
Evaluate (-19 - (34 - 23)) + -8.
-38
-23 - 0 - (-71 + 4 + (1379 - 1388))
53
Evaluate -14 + 63 + (-82 - -44).
11
Evaluate 32 - (61 + 30 + -40).
-19
7 + (2 - (-1 + -2) - (8 + 15))
-11
What is -10 - ((1 - 35) + -7 + 9 + -2)?
24
(7 - 22) + 14 + -4 + 10 + 2 - -43
50
Evaluate 63 + -29 + -37 + -18 - (-87 - 1).
67
Evaluate 17 + 46 + -145 + 76.
-6
Calculate 42 + (-8 - (-1 + 0 - 1) - (102 - 117)).
51
10 - (14 + -15 + (-6 - -14) + 5)
-2
What is the value of 76 - 1 - (6846 + -6861)?
90
Calculate -11 + -86 - (19 + -15 + -3).
-98
What is -19 - (-14 - 34) - -2 - 144?
-113
What is the value of -9 - -55 - (4 + 3) - 32?
7
26 + 2 + 128 + (-14 - 124)
18
Evaluate 39 - (98 + -34) - -17.
-8
What is (36 - 1 - (-60 + 51)) + (-29 - -28)?
43
(1 - 10) + (106 + -39 - 69) - -74
63
Evaluate (-54 - (31 - 39)) + 77.
31
Evaluate -33 + 2 + 2 + -3 + (15 - 1).
-18
25 - (-59 - -68 - (-13 + 4))
7
What is (673 - 690 - (-2 + 3 + 2 + -6)) + 64?
50
Evaluate 79 + -75 + (-24 - (-1 - 0)).
-19
Evaluate -8 + (28 - (-16 + 17)).
19
What is (2 - (-9 - -1)) + (-147 - -24 - -60)?
-53
What is -15 + -1175 + 1188 + (3 - 0 - 3) + -9?
-11
-46 + 46 + -8 + -3 + 7
-4
Calculate -10406 - -10552 - (-1 - -49).
98
What is the value of -44 - (19 - 33 - 27) - (1 - -15)?
-19
What is the value of -96 + 39 + 45 - ((1 - 2) + -18)?
7
29 - 55 - 11 - -27 - 65
-75
Calculate (-48 - 0) + -20 + 41 + 53.
26
What is the value of -35 + (-41 - (5 + -1 - 33))?
-47
Evaluate -54 + 1 + (-216 - -178).
-91
57 + -6 - (15 + 39)
-3
What is the value of 4 + 0 - (7 - (4 - 2)) - 9?
-10
What is 15 + -1 - (9 - (-5 + -7 + 15))?
8
-24 + 2 - ((92 - 39) + -90)
15
Calculate 24 - 2 - (-2064 + 2103).
-17
What is -15 + -17 + 62 + -61?
-31
Calculate 1 + 8 + (-93 - (-40 - 2)) + (-3 - -5).
-40
What is the value of (-2 + 57 - 40 - 50) + 79?
44
What is the value of (-1974 - -2040) + -58 + -1?
7
-63 + (28 - (48 + (-23 - 1)))
-59
What is the value of 24 + 31 + -8 + 11 + -14?
44
What is (-1 + (2 - 3) - (-345 + 318)) + -7?
18
What is the value of 43 + (41 - (-108 - -109))?
83
Evaluate 5 + (27 - 5) - (-522 - -552).
-3
Evaluate -40 + 80 + -57 - -91 - (2 - (-2 + 1)).
71
Calculate 1 + (-2 - -6) - ((15 - 11) + 15 + -29).
15
Calculate 51 - (25 + -12 + 24).
14
Calculate (-82 - (13 + (16 - 36) - 9)) + -4 + 0.
-70
Calculate 0 + (-8 - (-19 - -15)) + -2.
-6
What is 17 - 13 - (-1 - -5) - (-4 - -68 - 40)?
-24
What is the value of (46 - -55) + 293 + -461?
-67
What is the value of 5 + 1 + (93 - (210 - 87))?
-24
What is 4 - (7 - 2 - (68 + -55) - -70)?
-58
Calculate (-189 - -97 - -94) + 38 + -1.
39
Calculate -75845 + 75973 + (1 - (24 - 1 - -2)).
104
What is (-11 - (-4 + -9) - -5) + -7 + -5 + 63?
58
What is (1 - 23) + 16 + -9 - (-25 - -19)?
-9
Evaluate 18 - 53 - (7 + 46).
-88
What is the value of 5 - (29 + -16 + (-33 - (2 - 8)))?
19
82 + (18 - (47 + -14)) + 2 + 20
89
-57 + -126 - -190 - (3 + -3 + -50)
57
What is 69 + -4 + (-398 - -377)?
44
What is -36 - ((-53 - -110) + -65)?
-28
Calculate (583 - 623) + (55 - -1).
16
Evaluate (10 + -19 + 10 - (35 - 1)) + 15.
-18
Evaluate (-3 - (-13 - (-11 + 21 - 8))) + -4 + -69.
-61
What is 55 - (59 + -60 + 55)?
1
What is the value of -17 - (6 + (-19 - (-38 - -27 - (0 - 2))))?
-13
Calculate (55 + -62 - 21) + 6.
-22
Calculate (10 - (46 + -4)) + -1 + -27.
-60
What is the value of 206 + -74 + -59 + -23 + 1?
51
Calculate (28 - (-8 - -21 - 6)) + -54.
-33
101 + (39 - 206) + 59
-7
What is the value of (-1 + -3 + 1 - 1) + (99 + -76 - -33)?
52
What is the value of (-5 - (6 + 15)) + (69 + -18 - 45)?
-20
What is (-506 - -526) + (2 - (-49 - 3))?
74
What is the value of 7 + (1 - 4) - (-3 - (-2 + 11 + -5))?
11
What is the value of -19 - (12 + (-73 - ((-6 - 28) + 13)))?
21
Calculate -1 + -10 + 11 + (7 - (9 - 2)) - -106.
106
Calculate 34 - 24 - (-16 + (2 - -3) - 7).
28
What is -88 + 72 + 37 + 1?
22
(-2 - -38) + -62 + -105
-131
Calculate -10 - (-9 - (-77 + (-47 - -23) + 49)).
-53
(40 - (30 - 38)) + -60
-12
Evaluate 51 - (-309 - -285 - (4 + (3 - 20))).
62
Calculate (-5 - (-6 - -3)) + -6 + (640 - 686).
-54
-7 - (-8 + (-19 - (13 - 43)) + 3)
-13
What is -24 + -1 - (3 - -8) - (0 - 9)?
-27
What is the value of -201 + 91 + 118 - (-1 + -3)?
12
(-134 - -140) + (-3 - -10 - 2 - 1)
10
Evaluate -2 + 4 + -19 + 22 - -23.
28
Evaluate -6 + 8 - -32 - (726 + -729).
37
What is the value of 29 + -42 + (-2 - -21 - 2)?
4
Evaluate (8 - 8) + (2 - (-2 + -2)) + (183 - 138).
51
Calculate (38 - 52 - -2) + 30 - 64.
-46
-125 - -82 - (-43 - 63)
63
Calculate (-8 - 49 - -58) + 6 + -2 + 3.
8
What is the value of (1 - 29) + (24 - (24 - 71)) + -55?
-12
What is the value of (1920 - 1923) + (-1 - 12)?
-16
What is -1 + 46 + 59 + 330 + -331?
103
Calculate (31 + -31 - 60) + 72.
12
What is 24 + -12 - (-11 - (13 + -45)) - (0 + -50)?
41
What is 27 + 1 + -884 + 882 - (-8 + 25)?
9
What is 7 + 1 - (36 + (-4 - -40)) - (-4 + 13)?
-73
What is -50 - (-17 + -54 + -19)?
40
What is (-476 - -477) + (0 - (4 - 3)) + -23?
-23
(-3 - (0 + (-22 - (9 - 22)))) + 38
44
Calculate -1 + (-3 - ((-12 - 2) + (-1 - 0))).
11
Calculate (-12 - -1) + (-111 - -134).
12
What is the value of 104 + (65 + -128 - (-1 + -28))?
70
What is 2 + 8 + -4 - (4 - 16 - (-8 + -44))?
-34
What is the value of -26 - (14 + 2 - (-1 + 5)) - (-6 - -1)?
-33
-8 + (-22 - (-21 - -9)) + 13
-5
-64 - (-52 + 150 - 94)
-68
What is the value of -9 - (203 + -111) - (-3 + 5 + -11 - -3)?
-95
Evaluate 423 + -359 - (65 + 7).
-8
(5 - (-89 + 57)) + -44
-7
Evaluate -1 + 19 + 1 + 31 + -68.
-18
-6 + (-11 - -2) - (79 + -100) - -4